- 16, -5*k + 5*y = -30. Suppose -396 = -3*m + 4*j - 122, k*m + 2*j = 402. Suppose -m = 14*h - 16*h. List the prime factors of h.
7
Let y = -14 - -23. Suppose 21 = -4*b + 2*b - 5*x, x = -b - y. List the prime factors of ((-1232)/(-12) - b/(-12)) + 1.
103
Let o be (-2 - (10906/(-21) + -3))*12/14. Let k be 6/4*-12*12. Let f = k + o. List the prime factors of f.
2, 5, 23
Let h = 64 - -29. Suppose 0 = 5*i + 5*b + 280, -2*i - 4*b = h + 19. Let j = 146 + i. What are the prime factors of j?
2, 3, 5
Let u = 416 + -407. Suppose -12 = -m - 5. List the prime factors of m - (3/9)/(1/u).
2
Suppose 2794 = -4*x - d - 0*d, 0 = 5*x + 4*d + 3498. Let g = 1113 + x. Let h = -208 + g. List the prime factors of h.
3, 23
Suppose -24*p + 254963 = -105277. List the prime factors of p.
2, 5, 19, 79
Suppose -2*n - 3 = -3*n + f, 9 = -2*n - f. List the prime factors of (-1 - -2) + 930 - n.
3, 311
Suppose 992*c = 991*c + 5. Suppose -3870 = -c*t + 5*p, -5*p + 3*p = t - 774. What are the prime factors of t?
2, 3, 43
Let a be ((-96)/(-6))/(-4) - -4. Suppose 4*k - 902 = -g, a = -3*g + 9 - 3. What are the prime factors of k?
3, 5
What are the prime factors of 4/(-16) + (-1000671)/(-28) + 5?
31, 1153
Let w be ((-418)/44)/(2/(-4)). What are the prime factors of w*23 + ((-56)/(-7))/8?
2, 3, 73
Suppose -8*g - 166775 = -51*g + 119175. What are the prime factors of g?
2, 5, 7, 19
Let i be 2/(-13) + 9678/39 + -6. Let u be (-87)/(-12) - (-2)/(-8). Suppose -5*y + u*y - i = 0. What are the prime factors of y?
11
Let g(r) = -2*r**2 - 4*r - 9. Let u be g(-8). Let t = 781 + u. List the prime factors of t.
2, 13
Let r(f) = 4*f + 4. Let z = 30 + -30. Let j be r(z). What are the prime factors of j/3*-12*-4?
2
Suppose -4*m = -3*d, -3*d + d + 3*m = 0. Suppose d = -2*f - 150 - 378. Let z = 387 + f. What are the prime factors of z?
3, 41
Suppose -18685 = -5*h + 2*k, -64*k = 64*k - 132*k. List the prime factors of h.
37, 101
Let m = 63 - 63. Suppose -6*r + 0*r + 2370 = m. Suppose 5*a + 0*a + 4*w - r = 0, -4*a = -4*w - 280. What are the prime factors of a?
3, 5
Let p(y) = -970*y - 839. What are the prime factors of p(-10)?
8861
Let t(i) = i**2 + i - 2. Let w be t(2). Let c = -341 + 353. Suppose c = -f - w*m + 68, -f + 58 = 3*m. List the prime factors of f.
2
Let n = 5247 + 5248. What are the prime factors of n?
5, 2099
Let j = 3561 - 1921. Suppose 0 = 3*w - j + 494. Let p = w - 173. List the prime factors of p.
11, 19
What are the prime factors of 3/(2 + -8) + 413961/86?
4813
Suppose -9*w + 45 = -36. What are the prime factors of (w - 8)/((-2)/(-330))?
3, 5, 11
Let r(b) be the third derivative of -b**6/120 + 31*b**4/24 + 3*b**2. Let m be r(-6). List the prime factors of (5/((-25)/m))/(3/(-64)).
2
What are the prime factors of (42772/444)/(66/63 - 1)?
7, 17
Suppose 226*u = -11*u + 3942021. What are the prime factors of u?
16633
Let v(m) = m**2 + 40*m - 220. Let f be v(-41). Let a = f + 980. List the prime factors of a.
3, 89
Let u(s) = 70*s**2 + s + 1. Let c be u(-4). Suppose 7*k + c = 5758. List the prime factors of k.
3, 13, 17
Suppose 8*c - 40 = 24. Suppose -6*u = -c*u + 38. What are the prime factors of u?
19
Suppose -8*t = -2*m - 4*t + 26, m = -4*t + 19. Suppose -m*g + 5203 = 13. List the prime factors of g.
2, 173
Let i = -174 - -176. Suppose 4*n + 5*j = 1277, -3*j + 637 = 4*n - i*n. What are the prime factors of n?
17, 19
Suppose 5*o + 25 = 2*m, -3*m + 15 = -5*o + 2*o. Suppose -w + 11 - 9 = m. Suppose 0 = 3*q + 2*u - 16, u = -w*q - 2*u + 14. What are the prime factors of q?
2
Let p = 46 + -80. Let q(u) = 7*u + 6. Let k be q(-4). Let v = k - p. What are the prime factors of v?
2, 3
Suppose -11*u + 82339 = -16470 + 15671. List the prime factors of u.
2, 3779
Let w = -262 + 241. Suppose 4*d = d + 39. Let y = d - w. List the prime factors of y.
2, 17
Let y(d) = -30 + 58 - 29 - 1434*d**3 - 12*d**2 - 12*d. List the prime factors of y(-1).
1433
Let y(k) = 11*k**2 - 31*k + 11. What are the prime factors of y(9)?
7, 89
Let y(j) = -791*j - 7901. What are the prime factors of y(-15)?
2, 991
Let b be 2/(-20) - (-8988)/(-120). Let l be (-1)/((-5)/b*-3). Suppose 2*c - l*c = o - 442, -2*c + 272 = -5*o. List the prime factors of c.
2, 73
Suppose 459*o = 2*c + 462*o - 89174, 0 = -3*o - 12. List the prime factors of c.
19, 2347
Let f be 2/4 + (-399)/14. Let z = 30 - f. Suppose 222 = 2*v + z. What are the prime factors of v?
2, 41
Suppose -3*x + 2166*r + 226467 = 2165*r, -301958 = -4*x + r. List the prime factors of x.
13, 5807
Suppose 90 - 321 = -3*b. Let t(w) = 29*w - 3. Let g be t(-1). Let x = g + b. What are the prime factors of x?
3, 5
Let l be 3 - 3/((-18)/12). Suppose 9*v - 11*v + 1375 = k, -4*v + 2715 = -l*k. What are the prime factors of v?
5, 137
Let z be 420/(64/(-36) + 2). Suppose -177*o = -180*o + z. List the prime factors of o.
2, 3, 5, 7
Let x = -138 - -138. Suppose -4*m - 7*w + 1760 = -3*w, x = 2*m + 4*w - 882. What are the prime factors of m?
439
Let r(z) = -813*z - 775. List the prime factors of r(-9).
2, 3271
Suppose 2*z = -5*l - 419, -5*l + 2*l + 773 = -4*z. Let q be 2 - -303*((-6)/(-9) + -1). Let o = q - z. List the prime factors of o.
2, 7
Let v be (40 - 42) + -1*1. What are the prime factors of -3 - ((-1 - 571) + (-3)/v)?
2, 71
Suppose -12*n + 10*n - 6 = 0, a + 4*n + 596 = 0. Let r = 1785 + a. List the prime factors of r.
1201
Let w be 3/4 - 51/(-12). Let s be (w - -10)*4/6. List the prime factors of (-2)/s - 6090/(-75).
3
Let o(q) = 4*q**3 - 5*q**2 + 7*q + 1. Suppose 0 = -4*x + 16, -6*b = -11*b - x + 39. What are the prime factors of o(b)?
11, 107
Suppose 3*l - 10151 = -2*h + 18478, -5*h + 2*l + 71525 = 0. What are the prime factors of h?
3, 19, 251
Let x be -1 + 5 + -21 + 3. Let r be -2*1 + x/7*-3. Suppose 0 = -3*d + 3*b + 556 + 59, -r*d + 804 = 4*b. What are the prime factors of d?
7, 29
Let h(a) = a**3 - 6*a**2 + 15*a + 17. Let y = 17 + -5. Let z be h(y). Suppose -11*s + z + 1579 = 0. List the prime factors of s.
2, 3, 5
Let x be 12/(-4) + 1/(3/105). Let t = x + 18. Suppose 0 = -5*p + 3*s + t, p - 6*s - 3 = -4*s. What are the prime factors of p?
13
Let u be 20/(-2)*(-2)/(1 - -3). Suppose h - 349 = -4*r + 331, -3525 = -u*h + 5*r. List the prime factors of h.
2, 5, 7
Let p(q) = -27*q + 84. Let j be p(3). Suppose -4*f + 5*x + 1436 = -j*f, -4*f - x + 5681 = 0. What are the prime factors of f?
7, 29
Let p = 79 - 82. List the prime factors of 2*(p - -1)*-334.
2, 167
Let f(h) = 580*h - 146. Let k be f(11). What are the prime factors of k/15 + 6/15?
2, 13
Let h = -196 + 195. List the prime factors of -10*12/(-40) - (-565 + h).
569
Let a(y) = y**3 - 11*y**2 + 5*y + 11. Let s = -156 + 94. Let q = -51 - s. What are the prime factors of a(q)?
2, 3, 11
Suppose -3*i + 162 = -7*y + 3*y, 54 = i - 3*y. Let x = i - -187. List the prime factors of x.
241
Let c = -24 + 17. Let z be (-2)/c + (-1600)/112. List the prime factors of 1/((z/116)/(-7)).
2, 29
List the prime factors of (46*12)/((-31)/(-248)).
2, 3, 23
Let p be (-2)/(-17) - 938/(-119). Suppose 0 = i - p + 12. List the prime factors of (-284)/i*(3 + -1).
2, 71
Let x be 9/(-5)*(88/24 + -7). Suppose 0*f - x*f = -2*f. Suppose 0*s + 195 = 3*s + 3*t, -3*s - t + 187 = f. What are the prime factors of s?
61
Let t(n) = 377*n + 91. Suppose -44*o + 87 + 45 = 0. List the prime factors of t(o).
2, 13, 47
Suppose 0 = -291*m + 49*m + 257246. List the prime factors of m.
1063
Suppose -3*a - 5*r + 89 = -48, 5*r = 5*a - 175. Let z = a - 43. What are the prime factors of -2 - z - 4 - -90?
2, 11
Suppose -3*l + 4611 = 3*t, 7326 + 379 = 5*t - 5*l. List the prime factors of t.
3, 19
Suppose -122*z + 119*z + b = -761, -b = 5*z - 1263. List the prime factors of z.
11, 23
Suppose 3*x + 4*h + 3690 = 0, -2*h = 3*x + h + 3690. Let w = -858 - x. What are the prime factors of w?
2, 3, 31
Suppose 316*j + 1650224 = 384*j. What are the prime factors of j?
2, 6067
Suppose 5*z - 5*q - 11134 - 12021 = 0, 5*q + 13901 = 3*z. What are the prime factors of z?
7, 661
Let n = -736 - -1007. Suppose -4 = -5*p + n. List the prime factors of p.
5, 11
Let h(m) = -9*m**3 - 4*m**2 - 7*m - 10. Let c(g) = 44*g**3 + 19*g**2 + 36*g + 51. Let z(u) = 2*c(u) + 11*h(u). List the prime factors of z(-5).
2, 3, 23
Suppose -6*s + 17*s = 5*s + 29796. List the prime factors of s.
2, 13, 191
Suppose -2*d - 